 = -1 + 1 + 8*u - 11*u. Calculate the remainder when 16 is divided by g(-3).
7
Let k(q) = -4*q - 2 + 5*q**2 + 4 - q**3 + 3. Let t be k(4). Suppose 5*l - 38 = -t*y - 3, -y + 1 = -2*l. Calculate the remainder when 8 is divided by y.
3
Let z(a) = 9*a + 5. Let p = 421 - 407. Calculate the remainder when z(4) is divided by p.
13
Suppose 3*p = -8 + 59. Suppose -2*s - 2*g - 2*g + 40 = 0, -g = s - p. What is the remainder when 27 is divided by s?
13
Let o(x) = -x**2 + 9*x + 11. Calculate the remainder when o(9) is divided by 7.
4
Suppose -9 = 3*q - 0, j = -q + 12. Calculate the remainder when 19 is divided by j.
4
Let a(m) = m**2 + m + 21. What is the remainder when 41 is divided by a(0)?
20
Let u(d) = -d**3 + 4*d**2 + d + 1. What is the remainder when u(3) is divided by 5?
3
Suppose -3 = -z + 2. Suppose 5*y - 4*s + 20 - 70 = 0, -3*y - 5*s = -67. What is the remainder when y is divided by z?
4
Let o = -5 - -4. What is the remainder when (60/(-16))/(o/4) is divided by 8?
7
Let z be 12*(20/16 + -2). Let b = 21 + z. What is the remainder when 3/(-9) - 134/(-6) is divided by b?
10
Let o(b) = 2*b**2 + 9*b + 2. Calculate the remainder when 79 is divided by o(-6).
19
Let m = 6 - -31. Suppose -19 = -3*a + 20. Calculate the remainder when m is divided by a.
11
Suppose -3*t - 2*t = -5*f - 10, 0 = 2*f + 3*t + 14. Let o = f + 7. What is the remainder when (2/(-3))/(o/(-9)) is divided by 2?
0
Suppose -1 - 7 = 2*o, -12 = k + o. Let x be (k + -1)/(-1) - 1. Suppose u - x = 3*u, -4*h + 28 = -4*u. Calculate the remainder when 5 is divided by h.
2
Suppose h - 4*d = 32, h = 3*d - 4*d + 22. Calculate the remainder when h is divided by (2 - 1)*13*(-1 - -2).
11
Suppose -k - 2*k + 39 = 0. Let u(n) = -n**3 - 9*n**2 + 7. Let p be u(-9). Suppose p = 4*w - 13. What is the remainder when k is divided by w?
3
What is the remainder when 82 is divided by (-33)/(-2) - 4/(-8)?
14
Suppose -2*s + 4*j + 31 = -s, -5*s + 89 = 2*j. What is the remainder when 206 is divided by s?
16
Let n = 42 + -26. Let f = 27 - n. Calculate the remainder when 31 is divided by f.
9
Let z = -52 + 158. Let q = -68 + z. What is the remainder when q is divided by 20?
18
Let f(r) = -6*r - 3*r + 10 + 8*r. Calculate the remainder when 19 is divided by f(0).
9
Suppose -12 = -4*p + 8. What is the remainder when 7 is divided by p?
2
Let d = 4 + -2. Suppose -3*z + 195 = 5*s, -4*z + 104 + 156 = -d*s. What is the remainder when z is divided by 22?
21
Suppose -340 = -3*t - t. Calculate the remainder when t is divided by 22.
19
Suppose 160 = 2*p + 3*p. Suppose 4*o + p = 136. Suppose 0*a - a = -o. What is the remainder when a is divided by 9?
8
Let y(j) be the second derivative of j**5/20 - 7*j**4/12 - j**3/3 + j**2/2 - j. What is the remainder when y(8) is divided by 17?
15
Suppose 3*k = -4 + 22. Calculate the remainder when 22 is divided by k.
4
Let h(d) = -d**2 + 24*d - 19. What is the remainder when 5 is divided by h(23)?
1
Let z = 17 - 5. Let x be 6/27 + 2/(-9). Let d(r) = -r**3 - r + 23. What is the remainder when d(x) is divided by z?
11
Let p(l) = l**2 + 11*l + 13. Suppose j - 5 = -16. What is the remainder when 50 is divided by p(j)?
11
Let p(f) = 2*f**2 + 2. Let k be p(3). Suppose 0 = -4*s + s + 9. Suppose -k = -2*w - s*w. Calculate the remainder when w is divided by 2.
0
Suppose -3*w + 429 - 156 = 0. What is the remainder when w/2 - (-2)/(-4) is divided by 23?
22
Let h = -3 - -24. Suppose 0 = -4*p - c + 39, -2*p + 5*p - 23 = -2*c. What is the remainder when h is divided by p?
10
Calculate the remainder when 3/(1*(-2)/(-22)) is divided by 7.
5
Suppose -4*o = -9*o. Suppose o = -j + 4*y + 24, 3*j + y - 18 = 15. What is the remainder when (-3)/(-3)*(25 - 2) is divided by j?
11
Suppose 5*a = 1057 - 282. Suppose 0 = 7*m - 12*m + a. Calculate the remainder when m is divided by 16.
15
Let m = 2 + 19. What is the remainder when m is divided by 4?
1
Let n = 2 + 0. Suppose -n*a + 34 = -6. Let k = -3 + a. What is the remainder when k is divided by 9?
8
Suppose 0 = g - 3, 2*c - g + 11 = 6*c. Suppose -i + 39 = c*i. Calculate the remainder when 49 is divided by i.
10
Suppose -3*a = -0*a - 51. Suppose 0*b + c - 7 = -b, -2*c + a = 3*b. What is the remainder when 9 is divided by b?
0
Let b(n) = -2*n - 4. Let c be b(-3). Suppose -c = -s - 0. Let z = -8 + 9. What is the remainder when s is divided by z?
0
Let n(s) = -s + 8. Let o be n(5). Suppose -135 = x - 6*x. Suppose -3*p + o*r = -x, 4*p - 3*r = 1 + 37. What is the remainder when p is divided by 4?
3
Let l = 60 - 31. What is the remainder when l is divided by 16?
13
Suppose 2*c + a - 30 = 0, 15 = 5*c - 4*a - 34. What is the remainder when c is divided by 4?
1
Let w(h) = -h - 3. Let k be w(-3). Let y = 10 - k. What is the remainder when y is divided by 4?
2
Suppose 17 = o + 1. What is the remainder when 47 is divided by o?
15
Suppose 19 + 41 = 4*i. Calculate the remainder when 88 is divided by i.
13
Let m = 29 - 42. Let k = 22 + m. Calculate the remainder when 16 is divided by k.
7
Suppose n = 2*n. Suppose -3*t = -n*t - 3. Calculate the remainder when t is divided by 1.
0
Suppose 0 = -4*w + 4 + 44. Let g(k) = 5*k - 3. Calculate the remainder when w is divided by g(2).
5
Suppose -3*k - v - 44 = 0, -k + 5*v + 2 = 2*v. Let f = k - -39. Calculate the remainder when f is divided by 14.
12
Let v(f) = -f**3 + 15*f**2 + 21*f - 18. Calculate the remainder when v(16) is divided by 21.
20
Suppose 12 = 4*c, 2 = 5*g - c + 5. Suppose -2*j + 92 = 4*u, g*u + 1 = u. Calculate the remainder when j is divided by 23.
21
Suppose 3*s = 3*y + 78, 4*s + y - 121 = -32. Suppose 0 = 4*f + 12 - 44. Calculate the remainder when s is divided by f.
7
Let b(d) = -d**2 + 7*d - 1. Let a be b(6). Suppose k - 64 = -a*t + 10, 3*k = -t + 26. Calculate the remainder when t is divided by -2 + (0 + -3 - -13).
6
What is the remainder when (4/(-6))/(4/(-12)) is divided by 2?
0
Let i = 3 - 0. Let o(q) = -q + 12. Suppose -5*f + 40 = a, 5*a + 16 + 0 = 2*f. What is the remainder when o(f) is divided by i?
1
Suppose -5*u + 220 = 5*z, 0*z = 2*u + 5*z - 76. What is the remainder when u is divided by 17?
14
Let a(q) = 2*q**2 + 5*q + 5. Let s be a(-4). Suppose s - 2 = 5*x - 5*r, 5*x = -2*r + 36. Suppose -40 = -x*t + t. What is the remainder when 23 is divided by t?
7
Let c(z) = 4*z - 3. What is the remainder when 1572/16 - 3/(-36)*-3 is divided by c(7)?
23
Suppose 7 = v - 0*v. What is the remainder when v is divided by 3?
1
Suppose 5*k - 2*w - 108 = -4*w, 4 = w. What is the remainder when 77 is divided by k?
17
Suppose -5*u + 7 = -5*i + i, 0 = 2*i + u - 7. Let c be 6/(-5)*(-10)/3. Suppose 2*v - t - 1 = c, t - 7 = -4*v. Calculate the remainder when i is divided by v.
0
Let g = 11 - -20. Suppose -5*v + 5 = -4*v. Suppose -55 = -10*p + v*p. Calculate the remainder when g is divided by p.
9
Suppose -3*j = -5*j + 6. Calculate the remainder when 3 is divided by j.
0
Let s = 8 + -4. Let i(k) be the third derivative of k**5/20 - 2*k**2. What is the remainder when s is divided by i(-1)?
1
Suppose -2*x - 26 = -5*y, 5*y = -0*y - 5*x + 5. Suppose p = -4*g - 3, 0 = -y*p + 2*g - g + 39. What is the remainder when 17 is divided by p?
8
Let z(m) = -m**2 + 5*m - 2. What is the remainder when (-10)/6*36/(-10) is divided by z(4)?
0
Let m = 29 - 9. Calculate the remainder when 98 is divided by m.
18
Let p be (2/4)/(4/(-48)). Let t(g) = -g + 4. Calculate the remainder when 19 is divided by t(p).
9
Suppose 2*f - 17 = 37. Calculate the remainder when 105 is divided by f.
24
What is the remainder when ((-1)/(6/(-9)))/((-9)/(-564)) is divided by 19?
18
Let j(l) = -2*l**2 + 8*l + 15. Let n be (-24)/9*(-6)/4. Calculate the remainder when n/6 + 40/3 is divided by j(5).
4
Let r = -34 - -116. Calculate the remainder when r is divided by 29.
24
Suppose 38*w = 28*w + 430. Calculate the remainder when w is divided by 12.
7
What is the remainder when 11/(44/192) + 0 is divided by 17?
14
Let u = -10 + 31. Calculate the remainder when u is divided by 3.
0
Let p(o) = -o**3 + 9*o**2 - 8*o + 4. Let j be p(8). Let u = j - 1. Suppose u*h - 35 = -2*h. What is the remainder when 13 is divided by h?
6
Calculate the remainder when 23 is divided by 9/(-5)*(-40)/6.
11
Suppose -7 - 8 = -5*u. What is the remainder when 10 is divided by u?
1
Let h = -36 - -24. Let j = 0 - h. 